 is the units digit of w?
3
Let x = 4950 + -2146. Suppose -x = 6*f - 10*f. What is the tens digit of f?
0
Suppose 0*r + r + 2*y = 7, -y + 5 = r. Suppose -r*m = v, -2*v + m - 8 = -3*v. What is the hundreds digit of 0 + v/4 + -1 + 106?
1
Suppose -2*q - 35*g + 39*g = -83978, -167946 = -4*q - 2*g. What is the ten thousands digit of q?
4
Let s = -203 + 207. Suppose 0 = -9*n + 4*n - 4*p + 300, s*p + 260 = 5*n. What is the units digit of n?
6
Suppose 0 = -10*a + 2173 + 5287. Suppose a - 3294 = -13*k. What is the tens digit of k?
9
Let o(u) = 578*u + 21. Let f be o(-2). Let w = f + 1616. What is the units digit of w?
1
Suppose 0 = -5*x + 4*h - 3*h + 67, 3*x - 3*h = 45. Let y = x - -38. Let c = 54 + y. What is the units digit of c?
5
What is the units digit of (-2*2/3)/((-982366)/(-75570) + -13)?
0
What is the units digit of (((-7127)/3)/((-92)/138))/((-2)/(-4))?
7
Let s(p) be the second derivative of 23*p**3/3 - 40*p**2 - 139*p. What is the tens digit of s(23)?
7
Suppose 0 = -7*t + 10*t - 14940. What is the units digit of t?
0
Let v be (-34)/(-8) + 26/(-8) + 3. Suppose 2*g - 3*p = -161, -v*g + p = -4*p + 325. Let n = g - -175. What is the tens digit of n?
9
Let g(j) = -j**3 - 28*j**2 - 37*j - 96. What is the thousands digit of g(-33)?
6
Suppose -21 - 8 = -5*b + 2*h, 3*b + 4*h = 7. Suppose -b*c = -388 - 512. What is the hundreds digit of 4/14 + (-81)/63 + c?
1
Suppose -4*v + 2*g + 2 = 0, 4*v - 3 = v + 3*g. Suppose 4*c - 3*r = -v*r + 1022, r = -2. What is the units digit of c?
4
Suppose -3 = u - 16. Suppose 2 = 2*f, 2*d + u*f - 716 = 9*f. What is the hundreds digit of d?
3
Let k be 42/(-24) + 2/(-8) - -6. Let n be 14 + -4 + (k - -1). What is the units digit of (n/(-9) - -1)*(-396)/8?
3
What is the units digit of (-8)/(-18) + 22794414/3186?
5
Suppose -k = -177 - 13. Let j be 90 + (0 - 2/7 - (-1400)/(-1960)). Let r = k - j. What is the units digit of r?
1
Suppose -8*s = 8*s - 234512. Suppose -19*v = -8922 - s. What is the units digit of v?
1
Suppose 0 = -4*s + w + 3329, -4*s - 2*w + 1652 = -2*s. Let b = -628 + s. What is the units digit of b?
3
Let w(c) = -10*c - 17. Let u be w(-10). Let k = 141 + -109. Let q = k + u. What is the units digit of q?
5
Suppose -57312 = 32*d - 37*d - 4*q, d - 11460 = -2*q. What is the thousands digit of d?
1
Let l = -75 + 62. Let y(b) = b**3 + 4*b**2 - 12*b + 12. Let h be y(l). What is the tens digit of 4/6 - h/9?
5
Suppose r - 25*r = -96. What is the hundreds digit of (r/(-1))/((81/(-2412))/9)?
0
Let q(a) = 13*a - 43. Let x be q(11). Let m be (x/15)/(-10)*6*2. What is the units digit of (66520/(-35))/m + 4/(-7)?
7
Let x be 2/8 - (-58)/(-8) - -3. What is the tens digit of (x - 2682/(-12))*(1 + 1)?
3
Suppose 0 = -3*y - 5*k + 9, 5*y - 15 = -k - 0. Suppose 2*n + y*n = 25. What is the units digit of (n + -4)*-3 - -172?
9
Suppose 40790 = 3*l - 4*r - 33895, -4*l - 4*r = -99552. What is the ten thousands digit of l?
2
Let d(f) = 3*f**2 + 36*f - 60. Let k(j) = -j**2. Let l(o) = -d(o) - 2*k(o). What is the units digit of l(-26)?
0
Suppose -33 = -2*q + 3*r, q = 2*r - 9 + 27. What is the hundreds digit of -1 - 1 - (-6768)/q?
5
Let r = 1 - -1. Let j = -179 + 183. Suppose -366 = -j*d + r*d. What is the tens digit of d?
8
Let p = 53175 + -8543. What is the units digit of p?
2
Let s be 5136/40 - 2/5. Let r be s/22 + 6/165*5. Suppose 0 = -3*j - r, -5*d = -j - 0*j - 517. What is the hundreds digit of d?
1
Let i = -294 - 122. What is the hundreds digit of (-13)/((-91)/(-63)) - i?
4
Suppose 1023*g + 1023932 = 1075*g. What is the ten thousands digit of g?
1
What is the ten thousands digit of ((-2008926)/66)/(-3) - (-3)/(-33)?
1
Let r(m) be the second derivative of -m**4/12 - m**3/6 + 29*m**2/2 - 3*m - 1. What is the tens digit of r(0)?
2
Let d = -82 + 84. Suppose 6 = d*s + l, 0 = -3*s + 2*s + 3*l + 3. Suppose -3*b + s*i = -15, -3*b = -7*b - 2*i + 32. What is the units digit of b?
7
Let k(w) = w**3 - 6*w**2 - 19. Let o(d) = -d**3 + 10*d**2 - 9. Let g be o(8). Let v = -111 + g. What is the hundreds digit of k(v)?
1
Let v be 1638/(-10) - (-32)/40. Let j = 45 - v. What is the units digit of j?
8
Let w be 2 - 4 - -3 - (0 + -1). Suppose 0 = t + 5*o - 182, -w*t + 5*t - 2*o - 478 = 0. What is the units digit of t?
2
Suppose 659*g = 332*g + 329*g - 282. What is the hundreds digit of g?
1
Let o(x) = 16*x - 12*x**2 + 2*x + 14*x**3 - 13*x**3 - 28. What is the tens digit of o(13)?
7
Let s = 8615 + -7915. What is the tens digit of s?
0
Let o = -22 + 16. Let j be 1*(-652)/o*3. What is the units digit of 18/(-24) + j/8?
0
Let j = 101 - 97. Suppose 5*o - 2*c = 18, j*o = -2*c + 6*c + 12. Suppose -r + 119 = -o*p, -2*r + 4*r - p - 266 = 0. What is the hundreds digit of r?
1
Let z = -72 - -151. What is the units digit of -47 - -45 - z*(-1 - 0)?
7
Let m(f) = -7*f**3 + 76*f**2 + f + 35. What is the hundreds digit of m(-12)?
0
Suppose 2*d = -2*v + 6983 + 41223, 2*v + 96454 = 4*d. What is the ten thousands digit of d?
2
Let v(l) = 104*l - 56. Let z be -37 + 34 - 6/(-1). What is the tens digit of v(z)?
5
What is the tens digit of 7/(-1) - -71*(712 + -9)?
0
Suppose 5*h - 235 = 4*h. What is the hundreds digit of (1 + h/3)*(-12)/(-8)?
1
Let x(a) = -a**2 + 6*a - 7. Let u be x(3). Suppose 0 = -38*z + 42*z + 12, 0 = 2*t - u*z - 588. What is the units digit of t?
1
Let i = 100 + -81. Suppose -i*n - 2*t = -14*n - 4167, 4*n = -2*t + 3334. What is the hundreds digit of n?
8
Let m(h) = 150*h - 5. Let c be m(4). Let l(j) = 5*j**2 - 28*j - 65. Let y be l(-2). Suppose -y*q = -16*q + c. What is the hundreds digit of q?
1
Let m(v) = -2*v + 49. Let k be m(24). What is the units digit of 75 + ((-50)/(-40))/(k/(-4))?
0
What is the thousands digit of (-1013)/11143 - (4/(-6) + 66476/(-33))?
2
Suppose -4*u + 5*z = -3806, -982*u + 987*u - 5*z - 4755 = 0. What is the units digit of u?
9
Let h be 0*(60/90)/(8/(-6)). Suppose 2*o = y - 779, 6*y - 2*y - 3*o - 3116 = h. What is the units digit of y?
9
Suppose 4 = -3*a + 13. Suppose 0 = -t + 3*j + 674, 7*t + a*j = 2*t + 3424. What is the tens digit of t?
8
Suppose -5*i = -6*i - 3. Let b be i*3/6*-2. Suppose d + b*d = 232. What is the units digit of d?
8
Suppose -10*g = -853 - 577. What is the units digit of g - (0 + (3 - 6))?
6
Let q be (4/2 - 1)*9. Suppose 0 = -5*p - 4*x + 2149, -q*p = -5*p + 5*x - 1712. What is the hundreds digit of p?
4
Suppose -34*m + 5225578 = 102*m - 1531582. What is the units digit of m?
5
Suppose -44*q = -42*q - 24. Suppose 6765 = 27*z - q*z. What is the units digit of z?
1
Suppose 9*x - 6 = 7*x, 0 = z + 4*x - 3717. Let k = z - 2322. What is the tens digit of k?
8
Suppose 3*y = -3*t + 5*y + 2286, 3055 = 4*t - 5*y. Suppose 2*g - 2*v - 8 = 0, -2*g + 2*v + 14 = g. Suppose -t = -g*a + a. What is the tens digit of a?
5
Suppose 21*v - 127336 + 449503 = 1611819. What is the tens digit of v?
1
Let t(p) = 45*p**2 + p. Let f be t(-1). Suppose -5*d - f + 144 = 0. Suppose 0 = 3*z - u - d, 3*z = -2*z + 4*u + 45. What is the units digit of z?
5
Suppose y - 14 = -4*s, 5*s - 4*s = -3*y - 2. Suppose -s*u = -21 + 13. Suppose -u*i + 55 = 3*j, -2*j - 34 + 3 = -i. What is the units digit of i?
9
Suppose -69089 = -3*c + 104*v - 105*v, c + 5*v = 23025. What is the thousands digit of c?
3
Suppose -5*r + 2*b + 448 = 0, 3*r + 4*b - 72 = 2*r. What is the hundreds digit of ((-2)/(-4) - (-315)/36)*r?
8
Let z = 10384 - 6135. Suppose z = -64*t + 71*t. What is the hundreds digit of t?
6
Let x = -33068 + 66355. What is the tens digit of x?
8
Suppose -3*r = 2*r - 3020. Suppose -28 = -4*o - 2*f, f + 11 = -5*o + 43. Suppose 218 = o*d - r. What is the units digit of d?
7
Let v = -13395 + 14476. What is the hundreds digit of v?
0
Let v(w) = w**3 - 18*w**2 + 23*w + 24. Let d be v(17). Suppose 0 = d*q - 129*q + 87. What is the tens digit of q?
2
Let c(z) = 2006*z - 852. What is the thousands digit of c(5)?
9
Let y(t) be the second derivative of -15*t**3 - 7*t**2/2 - 91*t. What is the hundreds digit of y(-6)?
5
Let j(r) = 5*r**2 + 4*r + 513. Let z(p) = -4*p**2 - 4*p - 511. Let t(c) = -3*j(c) - 4*z(c). What is the tens digit of t(0)?
0
Let z = -336 + 620. Suppose -2*g - 5*c = -6*c - z, -2*c - 284 = -2*g. What is the units digit of (g/(-6))/(26/(-312))?
4
Suppose 0 = -2*q - 5*a + 38, 0*q + q - 12 = a. What is the units digit of q/(-1)*3/(-2)?
1
What is the hundre